{"id":265,"date":"2018-02-27T09:49:23","date_gmt":"2018-02-27T12:49:23","guid":{"rendered":"https:\/\/laboratorioalquimia.com.ar\/?post_type=product&#038;p=265"},"modified":"2021-06-02T07:38:53","modified_gmt":"2021-06-02T10:38:53","slug":"levan-tc-x-500-ml","status":"publish","type":"product","link":"https:\/\/laboratorioalquimia.com.ar\/?product=levan-tc-x-500-ml","title":{"rendered":"Levan-TC x 500 ml"},"content":{"rendered":"<p>F\u00d3RMULA: Cada 100 ml contiene<br \/>\nCloruro de Calcio: 4000 mg<br \/>\nLactato de Calcio: 500 mg<br \/>\nLevulinato de Calcio: 500 mg<br \/>\nHipofosfito de Calcio: 750 mg<\/p>\n<p>ESPECIES: Bovinos.<\/p>\n<p>INDICACIONES: Terapia normalizadora de la calcemia, proporciona r\u00e1pida resoluci\u00f3n en los casos de hipocalcemia (especialmente en vacas ca\u00eddas), eclampsia y acetonemia en Bovinos.<\/p>\n<p>ADMINISTRACI\u00d3N: Inyectable subcut\u00e1neo, intramuscular o endovenoso lento.<\/p>\n<p>DOSIFICACI\u00d3N:<br \/>\nCasos agudos: 200 a 500 ml E-V lento.<br \/>\nPreventivo: 10 a 30 ml S-C o I-M.<br \/>\nCaninos: 0,5 a 1 ml.<\/p>\n<p>PRESENTACI\u00d3N: Frasco ampolla por 500 ml.<\/p>\n<p>SENASA Certificado N\u00ba 06-342<\/p>\n","protected":false},"excerpt":{"rendered":"<p>Calcificante para Vaca Ca\u00edda<\/p>\n","protected":false},"featured_media":200,"comment_status":"open","ping_status":"closed","template":"","meta":[],"product_brand":[],"product_cat":[15],"product_tag":[],"class_list":{"0":"post-265","1":"product","2":"type-product","3":"status-publish","4":"has-post-thumbnail","6":"product_cat-grandes_animales","8":"first","9":"outofstock","10":"taxable","11":"shipping-taxable","12":"purchasable","13":"product-type-simple"},"_links":{"self":[{"href":"https:\/\/laboratorioalquimia.com.ar\/index.php?rest_route=\/wp\/v2\/product\/265","targetHints":{"allow":["GET"]}}],"collection":[{"href":"https:\/\/laboratorioalquimia.com.ar\/index.php?rest_route=\/wp\/v2\/product"}],"about":[{"href":"https:\/\/laboratorioalquimia.com.ar\/index.php?rest_route=\/wp\/v2\/types\/product"}],"replies":[{"embeddable":true,"href":"https:\/\/laboratorioalquimia.com.ar\/index.php?rest_route=%2Fwp%2Fv2%2Fcomments&post=265"}],"wp:featuredmedia":[{"embeddable":true,"href":"https:\/\/laboratorioalquimia.com.ar\/index.php?rest_route=\/wp\/v2\/media\/200"}],"wp:attachment":[{"href":"https:\/\/laboratorioalquimia.com.ar\/index.php?rest_route=%2Fwp%2Fv2%2Fmedia&parent=265"}],"wp:term":[{"taxonomy":"product_brand","embeddable":true,"href":"https:\/\/laboratorioalquimia.com.ar\/index.php?rest_route=%2Fwp%2Fv2%2Fproduct_brand&post=265"},{"taxonomy":"product_cat","embeddable":true,"href":"https:\/\/laboratorioalquimia.com.ar\/index.php?rest_route=%2Fwp%2Fv2%2Fproduct_cat&post=265"},{"taxonomy":"product_tag","embeddable":true,"href":"https:\/\/laboratorioalquimia.com.ar\/index.php?rest_route=%2Fwp%2Fv2%2Fproduct_tag&post=265"}],"curies":[{"name":"wp","href":"https:\/\/api.w.org\/{rel}","templated":true}]}}