{"id":260,"date":"2018-02-27T09:42:00","date_gmt":"2018-02-27T12:42:00","guid":{"rendered":"https:\/\/laboratorioalquimia.com.ar\/?post_type=product&#038;p=260"},"modified":"2021-06-02T07:33:33","modified_gmt":"2021-06-02T10:33:33","slug":"neocarbosul-iny-x-100-ml","status":"publish","type":"product","link":"https:\/\/laboratorioalquimia.com.ar\/?product=neocarbosul-iny-x-100-ml","title":{"rendered":"Neocarbosul Iny. x 100 ml"},"content":{"rendered":"<p>F\u00d3RMULA: Cada 100 ml contiene<br \/>\nEnrofloxacina: 5 g<br \/>\nLoperamida: 0,04 g<\/p>\n<p>ESPECIES: Terneros lactantes, Equinos deportivos y Caninos.<\/p>\n<p>INDICACIONES: Diarreas agudas por procesos infecciosos o irritativos del tracto gastrointestinal.<\/p>\n<p>ADMINISTRACI\u00d3N: Inyectable subcut\u00e1neo o intramuscular.<\/p>\n<p>DOSIFICACI\u00d3N: Tratamiento sintom\u00e1tico y curativo de gastroenteritis, enteritis y enterocolitis agudas:<br \/>\n1ml cada 10 kg de peso cada 24 horas durante 3 d\u00edas.<br \/>\nEn patolog\u00edas m\u00e1s severas (por ejemplo salmonelosis) duplicar la dosis y extender el tratamiento a 5 d\u00edas.<\/p>\n<p>APLICACI\u00d3N: Inyectable subcut\u00e1neo o intramuscular.<\/p>\n<p>PRESENTACI\u00d3N: Frasco ampolla por 20 y 100 ml.<\/p>\n<p>SENASA Certificado N\u00ba 06-135<\/p>\n","protected":false},"excerpt":{"rendered":"<p>Antimicrobiano &#8211; Quinolonas<\/p>\n","protected":false},"featured_media":207,"comment_status":"open","ping_status":"closed","template":"","meta":[],"product_brand":[],"product_cat":[15,23],"product_tag":[],"class_list":{"0":"post-260","1":"product","2":"type-product","3":"status-publish","4":"has-post-thumbnail","6":"product_cat-grandes_animales","7":"product_cat-pequenos-animales","9":"first","10":"outofstock","11":"taxable","12":"shipping-taxable","13":"purchasable","14":"product-type-simple"},"_links":{"self":[{"href":"https:\/\/laboratorioalquimia.com.ar\/index.php?rest_route=\/wp\/v2\/product\/260","targetHints":{"allow":["GET"]}}],"collection":[{"href":"https:\/\/laboratorioalquimia.com.ar\/index.php?rest_route=\/wp\/v2\/product"}],"about":[{"href":"https:\/\/laboratorioalquimia.com.ar\/index.php?rest_route=\/wp\/v2\/types\/product"}],"replies":[{"embeddable":true,"href":"https:\/\/laboratorioalquimia.com.ar\/index.php?rest_route=%2Fwp%2Fv2%2Fcomments&post=260"}],"wp:featuredmedia":[{"embeddable":true,"href":"https:\/\/laboratorioalquimia.com.ar\/index.php?rest_route=\/wp\/v2\/media\/207"}],"wp:attachment":[{"href":"https:\/\/laboratorioalquimia.com.ar\/index.php?rest_route=%2Fwp%2Fv2%2Fmedia&parent=260"}],"wp:term":[{"taxonomy":"product_brand","embeddable":true,"href":"https:\/\/laboratorioalquimia.com.ar\/index.php?rest_route=%2Fwp%2Fv2%2Fproduct_brand&post=260"},{"taxonomy":"product_cat","embeddable":true,"href":"https:\/\/laboratorioalquimia.com.ar\/index.php?rest_route=%2Fwp%2Fv2%2Fproduct_cat&post=260"},{"taxonomy":"product_tag","embeddable":true,"href":"https:\/\/laboratorioalquimia.com.ar\/index.php?rest_route=%2Fwp%2Fv2%2Fproduct_tag&post=260"}],"curies":[{"name":"wp","href":"https:\/\/api.w.org\/{rel}","templated":true}]}}