{"id":227,"date":"2018-02-27T08:20:26","date_gmt":"2018-02-27T11:20:26","guid":{"rendered":"https:\/\/laboratorioalquimia.com.ar\/?post_type=product&#038;p=227"},"modified":"2021-06-02T07:49:27","modified_gmt":"2021-06-02T10:49:27","slug":"glucondrin-x-200-comp","status":"publish","type":"product","link":"https:\/\/laboratorioalquimia.com.ar\/?product=glucondrin-x-200-comp","title":{"rendered":"Glucondrin x 200 Comp."},"content":{"rendered":"<p>F\u00d3RMULA: Cada comp. de 1.000 mg contiene<br \/>\nGlucosamina: 100 mg<br \/>\nCondroit\u00edn Sulfato: 100 mg<br \/>\nMetilsulfonilmetano: 250 mg<br \/>\nManganeso Sulfato: 10 mg<\/p>\n<p>ESPECIES: Caninos y Felinos. <\/p>\n<p>INDICACIONES: Terap\u00e9utica fisiol\u00f3gica del cart\u00edlago para animales en crecimiento y adultos. Tratamiento de Artrosis, Osteoartrosis, Coxartrosis, Espondiloartrosis. Procesos osteodistr\u00f3ficos durante el crecimiento y desarrollo. Sinovitis no infecciosas, lesiones ligamentosas. Convalecencia de patolog\u00edas tendinosas y ligamentosas, fracturas \u00f3seas y cartilaginosas. Procesos de degradaci\u00f3n del cart\u00edlago. Tratamiento de los efectos secundarios de la displasia de cadera en perros y gatos.<\/p>\n<p>ADMINISTRACI\u00d3N: V\u00eda Oral.<\/p>\n<p>DOSIFICACI\u00d3N:<br \/>\nCaninos: 1 Comprimido cada 10 kg de peso por d\u00eda.<br \/>\nFelinos: \u00bc Comprimido cada 2,5 kg de peso por d\u00eda.<\/p>\n<p>PRESENTACI\u00d3N: Pastilleros por 100 y 200 comprimidos.<\/p>\n<p>SENASA Certificado N\u00ba 14-121<\/p>\n","protected":false},"excerpt":{"rendered":"<p>Condroprotector<br \/>\nProtecci\u00f3n Natural Contra el Desgaste Articular<\/p>\n","protected":false},"featured_media":195,"comment_status":"open","ping_status":"closed","template":"","meta":[],"product_brand":[],"product_cat":[23],"product_tag":[],"class_list":{"0":"post-227","1":"product","2":"type-product","3":"status-publish","4":"has-post-thumbnail","6":"product_cat-pequenos-animales","8":"first","9":"outofstock","10":"taxable","11":"shipping-taxable","12":"purchasable","13":"product-type-simple"},"_links":{"self":[{"href":"https:\/\/laboratorioalquimia.com.ar\/index.php?rest_route=\/wp\/v2\/product\/227","targetHints":{"allow":["GET"]}}],"collection":[{"href":"https:\/\/laboratorioalquimia.com.ar\/index.php?rest_route=\/wp\/v2\/product"}],"about":[{"href":"https:\/\/laboratorioalquimia.com.ar\/index.php?rest_route=\/wp\/v2\/types\/product"}],"replies":[{"embeddable":true,"href":"https:\/\/laboratorioalquimia.com.ar\/index.php?rest_route=%2Fwp%2Fv2%2Fcomments&post=227"}],"wp:featuredmedia":[{"embeddable":true,"href":"https:\/\/laboratorioalquimia.com.ar\/index.php?rest_route=\/wp\/v2\/media\/195"}],"wp:attachment":[{"href":"https:\/\/laboratorioalquimia.com.ar\/index.php?rest_route=%2Fwp%2Fv2%2Fmedia&parent=227"}],"wp:term":[{"taxonomy":"product_brand","embeddable":true,"href":"https:\/\/laboratorioalquimia.com.ar\/index.php?rest_route=%2Fwp%2Fv2%2Fproduct_brand&post=227"},{"taxonomy":"product_cat","embeddable":true,"href":"https:\/\/laboratorioalquimia.com.ar\/index.php?rest_route=%2Fwp%2Fv2%2Fproduct_cat&post=227"},{"taxonomy":"product_tag","embeddable":true,"href":"https:\/\/laboratorioalquimia.com.ar\/index.php?rest_route=%2Fwp%2Fv2%2Fproduct_tag&post=227"}],"curies":[{"name":"wp","href":"https:\/\/api.w.org\/{rel}","templated":true}]}}